6 + -19?
26
What is the value of (-12 - -4) + -1 - (-1 + -144 - (-1432 + 1420))?
124
(5 - (-16 - -9) - 7) + (-30 - -28) + -43
-40
(38 - (55 + 15)) + 4 + 11
-17
Calculate (-4 - 56) + (-19 - -43 - -2).
-34
What is -54 + (-3 - (-1 - 3) - (-58 - -81 - 30))?
-46
Calculate 109 + (31 + -32 - 43) + 15.
80
(2 + 2 + -1 + 1 - 9) + -232 + 160
-77
9 + 10 + 0 + (-43 - 15 - -55)
16
Calculate 15 - 109 - (728 - 721).
-101
Evaluate -6 - (-3 - (-3 - 9)) - -6 - (-5 + -5).
1
What is -52 + (-146 - -61) - -76?
-61
What is 111 - (2 - 5 - -14 - (6 + -10))?
96
(10 - 0) + (6 + -25 - (-16 - -23))
-16
Evaluate 54 - (-68 - -187 - 26).
-39
What is 58 + -59 + 24 + -4?
19
What is (-113 + 123 - -16) + -103?
-77
(0 - -57) + -52 + 22
27
What is the value of 20560 - 20583 - (2 - 3 - -58)?
-80
146 + -143 - (0 + -12 - 1)
16
What is 126 + -75 + -40 + (2 - -15)?
28
What is the value of 215 + -94 - 163 - -79?
37
What is the value of -51 + 51 - (36 + (0 - (-6 + 2)))?
-40
What is the value of 9 - 58 - (-153 - -158)?
-54
-418 + 355 + (-20 - 1) + 39
-45
(-22 - (80 + -102)) + -10
-10
62 - 24 - 24 - (5 + 39)
-30
136 + (-2 - 133) + (-2 - (-4 + 0 + 1))
2
Evaluate 135 + (-7 - -24) + (-14 + -7 - 5).
126
(-9 + 0 - 1) + -67 + 136 + -73
-14
What is the value of (-1 + -13 - -64) + 40 + -63?
27
-30 + -53 + 55 - -12
-16
What is the value of -3 + ((4 - 3) + (4 - 1) - -3) + 43?
47
Evaluate -42 + 4 + 1124 + -1112.
-26
What is 515 - 514 - ((-2 - -1) + -49 - (0 + 2))?
53
Calculate -113 + 92 - -23 - ((-1 - 34) + 6 + -4).
35
What is the value of (-4 - 11) + (-64 - -57) + 0 + 15?
-7
Evaluate -54 + 20 + -11 - -28.
-17
What is the value of -3 + -37 - (-24 - (24 + -21))?
-13
(5 - 3 - (-28 + 10 + 0)) + -17
3
What is -44 - (-45 - (-13 - -27))?
15
What is the value of -9 + 29 + -54 + 72?
38
What is (-194 - -92) + 102 + -1 + 1 + -4 + 1?
-3
What is the value of (394 - 287) + -205 + 2?
-96
(-40 - ((21 - (-13 - -26)) + -1)) + 5
-42
What is the value of (37 - -3) + -3536 + 3468 + (-1 - -48)?
19
(-198 - -1) + 30070 + -29951
-78
Calculate (38 - 1) + (-3 + -2 + 0 - (-25 + 26)).
31
What is the value of 20 - -4 - (-6 - -12) - (-1 - 83)?
102
What is 78 + 2 + (4 + -7 + -24 + 31 - -11)?
95
-1 + 1 + 92 + 6627 + -6629
90
What is the value of 7 + -61 + (27 - 36)?
-63
What is 67 + 7 + -13 - (11 + -14 + 1)?
63
Evaluate 12 - (-11 + 8 + (-15 - -29)).
1
What is (227 - 197) + -1 + -6 + -7?
16
Calculate 115 - (9 - (-15 + (16 - -6) + -16)).
97
Evaluate -2 + (3 - -2) + (-23 - (-5 - 26)) + 10.
21
(22 - 39) + 101 - (11 - (3 - 4))
72
(-36 - -1) + (-13 - 18 - -17 - -12)
-37
-2 - 7 - (-2 + -20 - -22 - -7 - -26)
-42
What is the value of 59 + 1 - (-24942 - -25092)?
-90
Calculate -80 - -5 - (-49 - (1 - 12)).
-37
Calculate 10 - (43 + -26 + 41).
-48
Evaluate -11 + 36 - (-79 + 75).
29
What is -7 + 92 + (-2 - 16) + -22?
45
What is -32 + -4 + -5 + -3 + (29 - 14)?
-29
What is the value of (-9 - (-1 + 2 - 2)) + (48112 - 48078)?
26
What is the value of -60 + 1 + (88 - -63 - 129)?
-37
Calculate -3 + -7 + (-47 + 30 - -29) - (-117 + -2).
121
Evaluate -1 - 102 - (-3868 + 3820).
-55
32 + -1 + -6 + -1 + 10 + 4
38
What is the value of (-13 + (-6 - -34) - 2) + -47?
-34
Evaluate 19 - 39 - (6 - 22) - (43 + -2).
-45
Calculate (12 - -3) + -11 + 23 + -13 + -10.
4
Calculate 5 - -26 - (49 + -39).
21
Evaluate -12 + (-13 - (-42 - -6)) + (-4 - 3) + 9.
13
(34 - (16 - (22 + -28))) + 34
46
What is the value of -9 - -14 - (3 + -5 + 6 + 3 + -12)?
10
What is the value of (-8 - (17 - 18) - 15) + -1 + -15?
-38
Calculate (-29 - (17 - 31) - -31) + -60.
-44
97 + (-98 - -15) + (-21 - -17) + 0 + -118
-108
-5 - 2 - ((-81 - -155) + -72)
-9
What is -19 - (0 - (5 - 114) - 40)?
-88
Calculate -6 + 2 + -5 + (-36 - (-49 - -32)).
-28
Calculate (-122 - -68 - -60) + 60.
66
What is the value of (74 - ((42 - 21) + 5)) + -1 + 16?
63
What is the value of (7 - -65) + -31 + -88 + 76?
29
What is the value of -2 - 6 - (-3 - 8 - (-30 + 5) - 107)?
85
Evaluate -19 + -16 + 80 + -47.
-2
What is (68 + -31 - -3) + -31 + 14?
23
What is 6 + (-6 - (-6 - 1)) - 23 - (-4 - 6)?
-6
Evaluate (26 + -12 - 33 - -17) + (-6 + 5 - -4).
1
Evaluate 154 - (88 + -22) - 28.
60
Calculate 4 - 9 - (-24 - -24 - (9 - 5)).
-1
What is -26 + -12 + (-199 - -232)?
-5
Evaluate 137 + -206 - (10 - 114).
35
Calculate 115 + -187 + (5 - -46).
-21
What is (0 - 0) + (-7 - -9) - (37 - (61 - 35))?
-9
What is (1 - 0) + 13 + 5 + 28 + -40 + -17?
-10
What is (-36 - -16) + 21 - -19?
20
Calculate -11 - ((5 + (17 - 23) - -27) + -9).
-28
(-21 + -5 - (1 + 2)) + (-6 - (-13 - -10))
-32
Evaluate (-30 + -10 - -8) + 27 + 6.
1
Calculate -39 + 17 + 7 + (-28 - -49).
6
-79 + (4 + -1 - -6 - (11 + -1))
-80
What is 70 + -75 + 5 + (5 - -63 - 6)?
62
Calculate -14 + 1 - (-282 + 251) - (25 + 51).
-58
Calculate -2 + 2 + -16 - (30 + -52).
6
Evaluate -19 - 0 - (-129 - -121) - (1 - 80).
68
What is the value of -1 + -58 + (130 - 100) + -13?
-42
Evaluate 2 - 125 - -45 - -36.
-42
Calculate 12 + 10 - 32 - -8 - -12 - (0 + -37).
47
What is the value of 3 - -3 - (-12 - 14) - (6 - (18 + -3))?
41
Evaluate -11 - (37 + 78 - 109).
-17
What is the value of -9 + (74 - (-11 - -23) - -2) - (2 - -2)?
51
What is (-14 + 24 - 8) + 12 - 4?
10
Evaluate -11 + 33 + -24 + (14 - 12) + 0 + -61.
-61
-107 + (-22 - (14 + (-28 - 38)))
-77
What is 26 + -14 + 0 + (-5 - -4) + (-2 - 43)?
-34
(12 - 11 - -8) + 108 + (-6 - 0)
111
Evaluate -28 - ((18 - (11 + -5)) + 2 + -4).
-38
What is the value of -5 + -5 - (13 + -10 - (4 - 8) - 25)?
8
(18 - -32) + 14 - (-11 - (13 + -14))
74
Calculate -1824 + 1787 - (-14 + -1).
-22
(30 - 6) + -9 + -6 + -35 - -5
-21
What is the value of -11 + 59 + (-26 - 34)?
-12
Calculate 63 + -127 + 150 + -23.
63
What is the value of 50 + (-72 - (44 - 82))?
16
What is the value of 19 + 12 - -37 - 20?
48
Evaluate 17 + (-1 - 0) - (-16 + (14 - (-19 + 21))).
20
Calculate (-1 - (36 + -5)) + (24 - 13) + 16.
-5
13 + 1 - ((-182 - -117) + 56)
23
Evaluate (37 - 15) + -59 + (-19 - -4).
-52
What is the value of 51 - 60 - 16 - (5 + (-1 - 1))?
-28
What is the value of (48 - 41) + (78 - 0 - 5) + 0 + -3?
77
Evaluate 0 + 45 - (11 - (-4 - (-5 - 19))).
54
Evaluate -1 + 14 - (1 - -24 - (-57 - -62)).
-7
(-2 - 9) + (123 - 0) + -144
-32
Calculate -10 + (7 - (-21 + (-11 - 3))).
32
Evaluate 111 - 109 - ((7 - -12) + -149).
132
Calculate (-3 - 26) + -2 + (-1047 - -1083) + -34 + -1.
-30
What is -44 + (3 - 22) + 15 + 15?
-33
Calculate -1297 - -1301 - (56 - 0).
-52
What is the value of (0 - (1 + -3)) + (43 - 43) + 5 - 82?
-75
Evaluate (4 - 2 - 2) + (-35 - -44) + -70.
-61
What is 628 + -590 + (-49 - -1)?
-10
277 - 351 - ((0 - 2) + -5 + 3) - -6
-64
Evaluate -14 - (-1 - -3) - (-24 - 135 - -122).
21
-1 - 23 - (-13 + 3) - (-55 - -44) - -11
8
Calculate 1 + -58 - ((16 - 16) + (7 - -1)).
-65
-53 - (-28 + -21) - (65 + (-1 - -1))
-69
What is the value of (9 - 0 - (2 + 89)) + (-7 - -10) + 3?
-76
Calculate 1 + -42 + -662 + 685.
-18
9 + 10 - (21 + -18) - (-1 - -54)
-37
Evaluate 0 - 5 - (-63 + 39 - -6).
13
What is 59 + 2 + -2 + (0 + 21 - (-171 + 200))?
51
What is the value of (5 - 13) + 4 - (550 + -577)?
23
Evaluate -13 + -2 - 5 - (-70 + 33 - -40).
-23
(-3 - (-12 + 5 + -2)) + (-78 - -4 - 7)
-75
What is the value of (11 + 21 + -21 - 42) + 6?
-25
What is the value of 29 - (-51 - -164 - 57)?
-27
3 - (3 - 9) - (-23 - (-42 - 3))
-13
Calculate (-319 - -254) + -32 + (2 - -1).
-94
Evaluate (-8 - 79) + -5 + 9 - -20.
-63
What is 76 + 61 + (44 - 108)?
73
What is (-240 - -124) + 101 - (-22 + 0)?
7
Evaluate 2 - (-6 - -3) - ((-5 - -4) + 6).
0
Evaluate (-75 - 138 - -231) + -85 + 1 + -1.
-67
What is the value of (-26 - -34) + 109 - 237?
-120
Calculate 28 - -17 - (6 + 7 + -9).
41
(-6 - 17) + -1 + 24 + 10
10
What is the value of -30 + 30 + (-28 - (-14 + 0))?
-14
What is the value of (29 - 17) + 2 + -12 + -1?
1
Evaluate -30 + (15 - -10) + 42.
37
What is -7 + -76 + 63 - (18 + -5)?
-33
Evaluate -75 + -3 + -18 + 21 - (27 - 13).
-89
Evaluate (51 - (44 - -10)) + 3.
0
Calculate 1 + -20 + -2 - (-4337 - -4359).
-43
What is the value of (-1 - 6) + (33 - 0) + -209 + 218?
35
Evaluate 70 + 17 + -15 + (-14 - (7 - 10) - 2).
59
Evaluate -92 - 135 - -145 - -14.
-68
What is (111 - 130) + (-6 - 7)?
-32
Calculate -70 + -65 + (44 - -29).
-62
What is -113 + 3 + 52 - -146?
88
What is the value of 4 + ((-11 - -23) + -31 + 19 - 1)?
3
(16542 - 16487) + 0 + (-1 - -11)
65
What is 